e
Suppose 89 + 6 = 5*s. Suppose s - 73 = 3*k. Let p = k + 40. Is p a prime number?
False
Suppose 3*k - 3*j + 24 = 0, k - 2*k + 4*j = 23. Let a(d) = -d + 6. Let z be a(7). Is 15 - (z - 3/k) a prime number?
False
Suppose 0*q - 3*q = -6. Let k(c) = 5 + q + 3 + 15*c. Is k(7) prime?
False
Suppose -4*h + 2*d - 3 = 1, -4*d + 2 = -5*h. Let o be (h - -45)*-1 + 1. Let j = 61 + o. Is j composite?
False
Let q be 1/2 + 865/10. Let h = 184 - q. Is h composite?
False
Suppose 49 = -0*d + d - 3*q, 5*d + 4*q = 283. Is d composite?
True
Suppose 0 = 2*o - 3*q - 18, o - 5*q - 11 = -3*q. Let c be 339/9 + 4/(-6). Suppose o*a - 8 = c. Is a composite?
True
Suppose -20 = -z - 4*z. Suppose -2*w + 132 = 4*d, -d - z = -0*d. Is w a prime number?
False
Is (-9)/(-9)*(1 - -2) composite?
False
Let l be 7 + -5 - (-14)/(-2). Is (-717)/l + (-2)/5 a composite number?
True
Suppose 12 = -4*c, -c + 4153 = 4*s - 2400. Is s a composite number?
True
Suppose 2*p - 1134 = -5*g - 0*p, -g + 222 = -2*p. Let h = -6 - -9. Is g/6 - 2/h a composite number?
False
Let m(r) = -431*r + 1. Let f be m(1). Is -2*(2 + f/4) a composite number?
False
Suppose o - 51 = 2*b + 28, 3*o + 5*b = 292. Let c = o + 26. Is c prime?
False
Suppose 6*c = c - 5*x + 1460, -5*x + 1167 = 4*c. Is c a composite number?
False
Let k be 4/(0 - -2) - -29. Let u = 4 + k. Is u a composite number?
True
Let x(k) = 5*k + 1. Let j be x(2). Suppose -44 = -3*v - j. Is v a prime number?
True
Let o be 451/22 - 2/4. Suppose -5*l + l + o = 0. Is 1*69 - (3 - l) a prime number?
True
Let s(k) = -47*k + 1. Let f(o) = o - 1. Let a(l) = -4*f(l) + s(l). Let q(p) = -52*p + 5. Let g(z) = 5*a(z) - 6*q(z). Is g(4) a prime number?
True
Let m(t) = 94*t**2 - 3*t + 3. Is m(2) a prime number?
True
Let i(d) be the first derivative of -7/4*d**4 + 0*d**2 + 2 + 2*d - d**3. Is i(-2) composite?
True
Let p be 9*((-3)/3 + 0). Let v be 1*(-5)/(15/p). Suppose -v*u + 550 = 151. Is u composite?
True
Suppose -2*u + 1072 = 194. Is u a prime number?
True
Let v(i) = 54*i**2 + 5*i - 2. Is v(-3) a composite number?
True
Suppose -4*p + 310 = -3*p - 3*f, -3*p = 4*f - 865. Is p prime?
False
Suppose 0 = 3*f - 7 - 2. Let v(r) = r**2 + r + 69. Let c be v(0). Suppose -2*i = 3*s - 44, 4*i = i - f*s + c. Is i composite?
True
Suppose 3*r + r = -c + 313, 383 = 5*r + 4*c. Is r prime?
True
Let s(w) = 3 + 2*w - 3*w + 5*w + 7*w**2 + 0*w. Is s(-2) composite?
False
Is 1 - (-762 + -2) - 4 composite?
False
Suppose -4*j + 346 = 2*c, -4*c + 2*j - 3*j = -713. Is c a prime number?
True
Let p(o) = 5*o + 11. Is p(8) a prime number?
False
Is (-264)/42 + 6 + 24658/14 a composite number?
True
Suppose 4*p - 16 = 3*p - 4*i, 27 = 3*p + 5*i. Suppose 0*m = -2*m - p*b + 586, 0 = -m + 5*b + 321. Is m prime?
False
Suppose 0 = -5*o + 2*i - 239 + 1532, -2*o + 3*i + 526 = 0. Is (o/(-3))/(1/(-3)) a composite number?
False
Let v be (-1)/((-2)/(3 - -3)). Suppose 0 = v*m - 9, 3*x + 2*m = x - 6. Let u(t) = t**3 + 6*t**2 - 6*t - 5. Is u(x) a prime number?
True
Let w be ((-1)/(-1))/(4/524). Let t = 258 - w. Is t a prime number?
True
Is 2*547*(-9)/(-18) a composite number?
False
Let u = 1202 + -629. Is u a composite number?
True
Let c = 84 - -97. Is c prime?
True
Let q be (12/18)/((-2)/(-12)). Suppose -q*n + 385 = n. Is n a prime number?
False
Let f(r) = 3*r**2 + 6*r - 11. Let d be f(12). Suppose -3*i + 2*i = 2*v - 159, -2*v - d = -3*i. Is i composite?
False
Suppose 2*o = -4*w + 782, o - 4*o + 1123 = -4*w. Suppose 2*b - 5*b + o = 0. Is b composite?
False
Let h = 942 + 299. Is h a prime number?
False
Suppose -3*w - w + 12 = -n, 2*w = 6. Suppose n = c - 47 - 68. Is c a composite number?
True
Suppose -3*k + 16 + 6 = 5*u, -4*k + 6 = 2*u. Suppose -v + u*v - 524 = 0. Is v a composite number?
False
Suppose 5*y = 479 - 189. Is y prime?
False
Let m(l) = 9*l - 1. Let f be m(2). Let b = f + 114. Is b a prime number?
True
Let g be 52/9 + 4/18. Is (-381)/g*2/(-1) prime?
True
Suppose 2*f - 6 = 0, 5*f = -8*j + 3*j + 30. Suppose -4*h - c = -5*c - 236, j*h = 4*c + 178. Is h a prime number?
False
Let g be 2/6 - (-295)/15. Is 4/(-10) - (-3708)/g prime?
False
Suppose -3*r = -q - 2*q - 12, -5*q + 4*r - 15 = 0. Is 112 + q*(-2 + 1) composite?
True
Let r be (-16)/(-10) + (-14)/(-35). Suppose r*l = -28 + 198. Is l composite?
True
Let o(d) = -3*d**3 + d**2 + 3. Let t be o(3). Let w = 149 + t. Suppose 58 = 2*y - 5*u - 37, w = 3*y + 5*u. Is y prime?
False
Suppose -3*q + 2521 = -0*q - 4*g, -2*q = g - 1677. Is q prime?
True
Suppose 4*u - 31 = 81. Suppose -u = -4*n + 3*m - 196, n + m = -35. Let j = 94 + n. Is j prime?
False
Let y(g) = 5*g**2 + 2*g - 1. Let v be ((-6)/(-4))/((-30)/40). Is y(v) composite?
True
Let h be 1/(-3) + 19/3. Let l(b) = -h*b**2 + 5 + 2*b + b**3 + 1 + 1. Is l(6) a composite number?
False
Is (-24)/32 - (-1787)/4 composite?
True
Suppose 3*f - a = -18, -4*f - 2*a - 55 = -21. Let b = f - -10. Is b a prime number?
True
Is 452 - (0/2 + 3) a prime number?
True
Let k(o) be the third derivative of o**5/60 - o**3/2 + o**2. Let t = -13 - -8. Is k(t) a composite number?
True
Let n(c) = c**2 + 7*c - 8. Let q be n(-8). Suppose -2*b + 3*g + 110 = q, 220 = 4*b + 3*g - g. Is b a prime number?
False
Let n = 51 - -2052. Is n composite?
True
Suppose -5*m + 526 = -3*m. Is m prime?
True
Suppose 4 = -y, -5*d + 6*y = 3*y + 1368. Let l = d + 439. Is l composite?
False
Suppose 4*k = k - 15, -794 = -3*n + k. Is n a composite number?
False
Let p be (-12)/30 - 12/(-5). Suppose -p*k + 39 = k. Is k a composite number?
False
Let i = -206 - -975. Is i composite?
False
Let f be 0/(1*(-3)/3). Suppose -j + 185 = -f*j. Is j a prime number?
False
Let s(u) = 150*u**2 + u - 11. Is s(4) composite?
False
Suppose -1163 = -2*t + 525. Suppose 0 = a - 5*a + t. Is a a composite number?
False
Let l = -11 - 7. Let r = -11 - l. Is 783/21 - 2/r a prime number?
True
Suppose 0 = 2*y - 2*v, -y = -2*y - 4*v. Suppose 6*u - 258 = -y*u. Is u composite?
False
Suppose -r + 124 - 37 = 0. Is r composite?
True
Let y = 2 - 1. Let r(b) = 37*b**2 + 1. Let o be r(y). Suppose -i = i - o. Is i a composite number?
False
Let z = 773 + -306. Is z a prime number?
True
Let b(y) = -y**2 - 8*y - 10. Let c be b(7). Let l = c + 366. Is l a prime number?
True
Is 0/1 - (-4 + -255) prime?
False
Let z(q) = -q**3 + 5*q**2 - 3. Let r be z(5). Let o = 6 + r. Is o prime?
True
Let i = 68 + 29. Is i prime?
True
Let w(n) = 30*n**2 + n - 4. Suppose -18*y + 22*y = 12. Is w(y) composite?
False
Let u(q) = -q**2 + 2*q - 4. Suppose 0 = -5*y + y - 2*v + 16, 2*y = 3*v. Let w be u(y). Is (w/(-2))/((-3)/(-6)) a prime number?
True
Let j be -16*2*2/(-8). Suppose t = j - 3. Suppose -t*a + 35 - 5 = 0. Is a composite?
True
Let o = 284 - -113. Is o a prime number?
True
Let x be 365/2 - 2/4. Is 1/1*x/2 a composite number?
True
Suppose 0 = -3*j + 4*j + 4. Let o be 2/j*1*-1018. Let w = o + -298. Is w a composite number?
False
Let h(v) = 17*v**2 + 2*v - 1. Let q be h(-4). Suppose 3*r - 5*r + 5*t = -q, 382 = 3*r - 5*t. Is r a prime number?
False
Suppose 5*p - 925 - 255 = 0. Let n be (2 - 3)/(1/(-5)). Suppose -118 = -2*y - n*v, -2*y + 5*v - p = -6*y. Is y a composite number?
False
Let s = 745 + -452. Is s a prime number?
True
Let l(y) = 82*y + 1. Suppose 7*g - 15 = 2*g. Is l(g) a prime number?
False
Suppose 0*z = -3*z. Suppose z*c + 2*c - 76 = 0. Is c composite?
True
Let a be (38/(-8))/((-2)/40). Suppose 3*w = y - a, 0*w + 55 = -w + 5*y. Let z = w + 79. Is z prime?
False
Suppose -x = -2*x - 3*a + 19, -2*x + 22 = 2*a. Suppose 2*q = -w - x, -5*q = w - 13 + 35. Suppose 5*d = -h + 93, -w*d - h + 55 = -0*h. Is d a prime number?
True
Suppose -3*a - 11 - 334 = 0. Let j = a - -180. Is j composite?
True
Let w = 114 - 43. Is w prime?
True
Suppose -c + 6 = 2*c. Suppose c*u + 148 - 642 = 0. Is u prime?
False
Let a(f) = -470*f - 33. Is a(-5) a prime number?
False
Suppose -4*b - 33 = 3*c - 5*b, -5*c + 5*b - 45 = 0. Let j be (-4)/c - (-97)/(-3). Let r = j - -47. Is r prime?
False
Let d = -161 + 306. Is d a composite number?
True
Suppose -4*z + 5*c - 108 = -888, 3*z + 2*c - 562 = 0. Let g = z + -113. Suppose 0 = -5*m + g + 153. Is m a composite number?
True
Is -2*(-4)/6*(-16749)/(-12) a composite number?
False
Let s(g) be the first derivative of -g**4/2 - 4*g**3 - 2*g**2 + 11*g + 4. Is s(-8) a composite number?
True
Suppose 5*d + n - 1175 - 908 = 0